t are the prime factors of 2022?
2, 3, 337
What are the prime factors of 1329?
3, 443
What are the prime factors of 11966?
2, 31, 193
List the prime factors of 117.
3, 13
What are the prime factors of 318?
2, 3, 53
List the prime factors of 204.
2, 3, 17
What are the prime factors of 35710?
2, 5, 3571
List the prime factors of 16135.
5, 7, 461
List the prime factors of 1304.
2, 163
List the prime factors of 1207.
17, 71
List the prime factors of 25947.
3, 31
What are the prime factors of 64309?
7, 9187
What are the prime factors of 48534?
2, 3, 8089
List the prime factors of 70503.
3, 71, 331
What are the prime factors of 3179?
11, 17
List the prime factors of 964.
2, 241
List the prime factors of 47060.
2, 5, 13, 181
List the prime factors of 76179.
3, 67, 379
What are the prime factors of 103541?
47, 2203
What are the prime factors of 4572?
2, 3, 127
What are the prime factors of 1576?
2, 197
List the prime factors of 811.
811
What are the prime factors of 770?
2, 5, 7, 11
List the prime factors of 871.
13, 67
What are the prime factors of 1114?
2, 557
What are the prime factors of 3588?
2, 3, 13, 23
List the prime factors of 22667.
19, 1193
What are the prime factors of 31675?
5, 7, 181
List the prime factors of 10895.
5, 2179
What are the prime factors of 8608?
2, 269
List the prime factors of 1111.
11, 101
List the prime factors of 2248.
2, 281
List the prime factors of 30901.
13, 2377
List the prime factors of 731.
17, 43
What are the prime factors of 4220?
2, 5, 211
What are the prime factors of 1572?
2, 3, 131
What are the prime factors of 114402?
2, 3, 23, 829
What are the prime factors of 4071?
3, 23, 59
What are the prime factors of 1319?
1319
List the prime factors of 1022.
2, 7, 73
List the prime factors of 9358.
2, 4679
What are the prime factors of 1915?
5, 383
List the prime factors of 15797.
15797
What are the prime factors of 1798?
2, 29, 31
What are the prime factors of 29700?
2, 3, 5, 11
List the prime factors of 2091.
3, 17, 41
List the prime factors of 1760.
2, 5, 11
What are the prime factors of 434?
2, 7, 31
What are the prime factors of 45764?
2, 17, 673
List the prime factors of 47504.
2, 2969
What are the prime factors of 31636?
2, 11, 719
List the prime factors of 14440.
2, 5, 19
List the prime factors of 179.
179
List the prime factors of 241.
241
What are the prime factors of 1507?
11, 137
List the prime factors of 88199.
89, 991
List the prime factors of 2936.
2, 367
List the prime factors of 11903.
11903
What are the prime factors of 7615?
5, 1523
List the prime factors of 3668.
2, 7, 131
What are the prime factors of 5438?
2, 2719
What are the prime factors of 7557?
3, 11, 229
What are the prime factors of 49390?
2, 5, 11, 449
What are the prime factors of 6739?
23, 293
List the prime factors of 1036.
2, 7, 37
What are the prime factors of 3131?
31, 101
What are the prime factors of 6212?
2, 1553
List the prime factors of 13613.
13613
List the prime factors of 14175.
3, 5, 7
List the prime factors of 735.
3, 5, 7
What are the prime factors of 11762?
2, 5881
What are the prime factors of 11033?
11, 17, 59
List the prime factors of 91976.
2, 11497
What are the prime factors of 4209?
3, 23, 61
What are the prime factors of 99990?
2, 3, 5, 11, 101
List the prime factors of 97221.
3, 23, 1409
What are the prime factors of 828?
2, 3, 23
What are the prime factors of 2078?
2, 1039
List the prime factors of 24705.
3, 5, 61
What are the prime factors of 111175?
5, 4447
List the prime factors of 94298.
2, 47149
What are the prime factors of 812?
2, 7, 29
List the prime factors of 8635.
5, 11, 157
List the prime factors of 16564.
2, 41, 101
What are the prime factors of 76709?
79, 971
List the prime factors of 45452.
2, 11, 1033
List the prime factors of 2468.
2, 617
What are the prime factors of 54540?
2, 3, 5, 101
List the prime factors of 45656.
2, 13, 439
List the prime factors of 10004.
2, 41, 61
What are the prime factors of 897?
3, 13, 23
List the prime factors of 44127.
3, 4903
List the prime factors of 6051.
3, 2017
What are the prime factors of 39220?
2, 5, 37, 53
What are the prime factors of 3024?
2, 3, 7
List the prime factors of 261.
3, 29
List the prime factors of 864.
2, 3
What are the prime factors of 11937?
3, 23, 173
What are the prime factors of 8481?
3, 11, 257
What are the prime factors of 46090?
2, 5, 11, 419
List the prime factors of 44400.
2, 3, 5, 37
What are the prime factors of 116?
2, 29
What are the prime factors of 3883?
11, 353
List the prime factors of 27260.
2, 5, 29, 47
What are the prime factors of 4527?
3, 503
List the prime factors of 5006.
2, 2503
What are the prime factors of 903?
3, 7, 43
What are the prime factors of 215?
5, 43
List the prime factors of 1751.
17, 103
What are the prime factors of 583?
11, 53
What are the prime factors of 1217?
1217
List the prime factors of 3289.
11, 13, 23
What are the prime factors of 12144?
2, 3, 11, 23
List the prime factors of 3784.
2, 11, 43
List the prime factors of 740.
2, 5, 37
List the prime factors of 45470.
2, 5, 4547
What are the prime factors of 4815?
3, 5, 107
List the prime factors of 1098.
2, 3, 61
What are the prime factors of 64960?
2, 5, 7, 29
List the prime factors of 3946.
2, 1973
List the prime factors of 2901.
3, 967
What are the prime factors of 4509?
3, 167
What are the prime factors of 3190?
2, 5, 11, 29
What are the prime factors of 17294?
2, 8647
List the prime factors of 4404.
2, 3, 367
What are the prime factors of 1489?
1489
What are the prime factors of 10222?
2, 19, 269
What are the prime factors of 4423?
4423
List the prime factors of 66168.
2, 3, 919
List the prime factors of 972.
2, 3
What are the prime factors of 18906?
2, 3, 23, 137
List the prime factors of 16336.
2, 1021
What are the prime factors of 13991?
17, 823
What are the prime factors of 294?
2, 3, 7
What are the prime factors of 1962?
2, 3, 109
List the prime factors of 37854.
2, 3, 701
List the prime factors of 3022.
2, 1511
What are the prime factors of 1228?
2, 307
List the prime factors of 960.
2, 3, 5
What are the prime factors of 3585?
3, 5, 239
What are the prime factors of 17359?
17359
What are the prime factors of 6394?
2, 23, 139
What are the prime factors of 86497?
67, 1291
List the prime factors of 1868.
2, 467
List the prime factors of 10907.
13, 839
What are the prime factors of 483?
3, 7, 23
What are the prime factors of 2963?
2963
List the prime factors of 1416.
2, 3, 59
What are the prime factors of 1672?
2, 11, 19
List the prime factors of 5447.
13, 419
List the prime factors of 3148.
2, 787
What are the prime factors of 1303?
1303
List the prime factors of 58611.
3, 7, 2791
List the prime factors of 2880.
2, 3, 5
List the prime factors of 14797.
14797
What are the prime factors of 178057?
11, 16187
What are the prime factors of 717?
3, 239
What are the prime factors of 554?
2, 277
List the prime factors of 375.
3, 5
List the prime factors of 1272.
2, 3, 53
List the prime factors of 45628.
2, 11, 17, 61
List the prime factors of 35864.
2, 4483
List the prime factors of 455.
5, 7, 13
What are the prime factors of 82891?
82891
List the prime factors of 4760.
2, 5, 7, 17
What are the prime factors of 581?
7, 83
What are the prime factors of 8114?
2, 4057
List the prime factors of 1660.
2, 5, 83
What are the prime factors of 171?
3, 19
List the prime factors of 5258.
2, 11, 239
List the prime factors of 83291.
13, 43, 149
What are the prime factors of 4150?
2, 5, 83
List the prime factors of 207.
3, 23
List the prime factors of 42457.
42457
What are the prime factors of 86506?
2, 7, 37, 167
What are the prime factors of 4498?
2, 13, 173
What are the prime factors of 15430?
2, 5, 1543
What are the prime factors of 2178?
2, 3, 11
List the prime factors of 1413.
3, 157
List the prime factors of 24023.
24023
List the prime factors of 740.
2, 5, 37
What are the prime factors of 1209?
3, 13, 31
What are the prime factors of 1655?
5, 331
List the prime factors of 1297.
1297
What are the prime factors of 64666?
2, 7, 31, 149
What are the prime factors of 116797?
116797
What are the prime factors of 43662?
2, 3, 19, 383
What are the prime factors of 109550?
2, 5, 7, 313
What are the prime factors of 111490?
2, 5, 11149
What are the prime f